emainder when h is divided by y.
5
Let a be (12/10)/(2/5). Suppose -5*k - 3*j - 11 = -58, -23 = -5*k + a*j. Let m = k + -1. What is the remainder when 21 is divided by m?
3
Suppose -27*g + 233 = -91. Let p = 2 - -87. Let k = p - 44. Calculate the remainder when k is divided by g.
9
Let w(b) = 21*b**2 + 22*b - 9. What is the remainder when w(-5) is divided by 26?
16
Let f = -346 + 437. What is the remainder when 358 is divided by f?
85
Let d = 116 + -57. Suppose -14*s = -140 - 84. Calculate the remainder when d is divided by s.
11
Let f = 1335 + -1331. What is the remainder when 4 is divided by f?
0
Let s(m) = m**2 - 8*m + 6. Let h be s(7). What is the remainder when 25 is divided by (h/3)/((-13)/351)?
7
Suppose 145 + 37 = 14*d. Calculate the remainder when 37 is divided by d.
11
Let a = 21 - 36. Let d = 30 + a. What is the remainder when 53 is divided by d?
8
Let v = 291 - 242. Calculate the remainder when 183 is divided by v.
36
Let k be (-30)/75*(1 - 6). Suppose -k*y = -6*y + 328. Calculate the remainder when y is divided by 21.
19
Suppose 5*g = 5*d + 15, 7*g = 4*g - 2*d + 14. Suppose -6 = -g*l + 2. Suppose -5*w + v = -40, l*v - 5*v + 16 = 2*w. What is the remainder when w is divided by 5?
3
Let t = 116 - 105. Suppose 5*w + t = -14, -5*m - 5*w = -20. What is the remainder when 68/3 - (-4)/(-6) is divided by m?
4
Let v = 0 - -17. Suppose -81 - v = -4*r - 2*b, -r = 4*b - 7. Suppose -12 = 3*l - r. What is the remainder when l is divided by 3?
2
Calculate the remainder when 201 is divided by (-1)/((1 - -2) + 506/(-161)).
5
Let a(c) be the first derivative of c**4/4 + 5*c**3/3 + c**2/2 + 9*c - 4. Let w be a(-5). Let l = 4 + w. What is the remainder when 29 is divided by l?
5
Let s(v) = v**2 - 6*v + 4. Let g(i) = i**2 - i + 1. Let d(o) = 2*g(o) - s(o). What is the remainder when d(-6) is divided by -2*2/(-7)*-7*-1?
2
Suppose 4*m = 11 + 61. Let p(n) be the first derivative of -n**2/2 + 33*n - 1. What is the remainder when p(0) is divided by m?
15
What is the remainder when (-1*36/2)/(-3) is divided by 4?
2
Suppose -r = -0*r - 20. Suppose 120*d + 22*d = 60*d + 3198. Calculate the remainder when d is divided by r.
19
What is the remainder when (((-208)/39)/(-16))/((-1)/(-426)) is divided by 16?
14
Suppose 34*z - 675 = 889. What is the remainder when z is divided by 9?
1
Let u = 1 + -2. Let i(w) = 5*w**3 - w**2 + 1. Let r be i(u). Let s = 12 + r. Calculate the remainder when 18 is divided by s.
4
Let f = 234 - 228. What is the remainder when 41 is divided by f?
5
Let a = -468 - -486. Suppose q - 53 = -0*q. Calculate the remainder when q is divided by a.
17
Suppose 3*f - 2*v = 12, 4*f - 8 = v + 3. Suppose -f*g + 15 = g. Calculate the remainder when 18 is divided by g.
3
Suppose -3*h + 56 = 2*x, -7*x = -2*x + h - 140. Suppose 4*t - 444 = -0*t. What is the remainder when t is divided by x?
27
Suppose -4*t - 12 = 0, -4*c + 3*t = -2*t - 31. Calculate the remainder when 14 - (2 + (-4 - -1)) is divided by c.
3
Suppose -o = 2 + 3, 2*z - 3*o - 19 = 0. Suppose -9*g + 120 = -g. What is the remainder when g is divided by 0 - z*-1 - -2?
3
Let i = 7 + 1. Suppose -j = 2*j + 5*f - 232, 3*j - f - 202 = 0. Calculate the remainder when j is divided by i*((-8)/(-2) - 1).
21
Let g(h) = -h**2 - 7*h - 5. Let w be g(-5). Suppose 3*i - w = -2, 5*l - i - 69 = 0. What is the remainder when 55 is divided by l?
13
Let d = 31 + -21. Let x be (1 - 4)/((-69)/92). Suppose -162 = -2*g - x*g. What is the remainder when g is divided by d?
7
Suppose 7*x + 17 = 3. Let r(u) = -3*u**3 - u**2 + 2*u. Suppose 0*a - a = -61. Calculate the remainder when a is divided by r(x).
13
Let b(f) = f**2 + f + 1. Let r(t) = 3*t**2 - 3*t + 22. Let c(a) = -4*b(a) + r(a). What is the remainder when c(-8) is divided by 1?
0
Suppose 0 = -11*v + 14*v - 57. Suppose 2*p = -p. Suppose 3*y - v - 11 = p. Calculate the remainder when 38 is divided by y.
8
Suppose 30 = 5*j - 55. Let i = -18 + 11. Calculate the remainder when j is divided by (-68)/i + 2/7.
7
Suppose 4*m = 5*s + 13, 3*s + 1 = -5*m + 8. Suppose -2*k + 3*h = m*k - 166, k + 5*h = 30. Suppose v - k = -v. What is the remainder when 37 is divided by v?
17
Suppose -28 - 232 = -13*w. What is the remainder when 76 is divided by w?
16
Suppose -2*o = -3*t - 4, 2*o + 0*o - t = 4. Suppose -o*f - f + 411 = 0. What is the remainder when f is divided by 20?
17
Let y = 17 + -8. Let v(q) = q**3 + 5*q**2 - 4*q - 4. Suppose 3*k = 4*k + 2*f + 1, 0 = -5*k + 5*f - 35. Calculate the remainder when v(k) is divided by y.
7
Let c(r) be the first derivative of -2*r**2 + 14*r + 5. What is the remainder when c(-10) is divided by 19?
16
Suppose -39*m - 1323 = -322*m + 4337. Let v(y) = 5*y**2 + 4*y + 3. Calculate the remainder when v(4) is divided by m.
19
Let m(r) = -r**3 + 13*r**2 + 15*r - 18. Let a = 39 + -25. Let u be m(a). What is the remainder when (-9 - -13)/(u/(-86)) is divided by 29?
28
Let i = -10 + 14. Suppose -i*b = b - 40. Let s(a) = a**2 + 89*a - 249. Calculate the remainder when s(-92) is divided by b.
3
Let v(n) = 5*n**2 - 6*n - 22. Calculate the remainder when v(5) is divided by 42.
31
Suppose 0 = -5*j + 3*y + 431, -9 = -5*y + 2*y. Suppose -2*t + 5*b + j = 2*b, -2*t + 76 = 3*b. What is the remainder when t is divided by 6?
5
Let q be (-2)/4 + 1/2. Suppose q = -y - 0*y, -3*y + 10 = v. Suppose 5*d - 9 = 3*w + 187, -3*d = -5*w - 124. What is the remainder when d is divided by v?
8
Suppose -n + 20 = 2*r, -5*n + 35 = 5*r - 55. Suppose 4*p = 5*s - s + 304, -s + 80 = p. Calculate the remainder when p is divided by n.
14
Suppose -5*r = -15, 2*i + 0*r + 2*r = 38. Suppose -4*o + 4*y + 124 = 0, -13*o + 4*y = -18*o + 137. Calculate the remainder when o is divided by i.
13
Suppose 1330 = 3*c + 11*c. What is the remainder when c is divided by 20?
15
Let w = 27 - -7. What is the remainder when w is divided by 18?
16
Suppose 11*t - 183 - 26 = 0. What is the remainder when 94 is divided by t?
18
What is the remainder when 292 is divided by 12 + -16 - 122/(-2)?
7
Let n = 49 - 45. Suppose 4*p + 2*m + 0*m = 14, 10 = -p + 4*m. Suppose 3*q = c + n*c - 52, p*q = 2. Calculate the remainder when 30 is divided by c.
8
Let j = 189 + -174. Calculate the remainder when 53 is divided by j.
8
Calculate the remainder when 355 is divided by 2*2 + 308/154.
1
Let d(q) = -q**3 + 3*q**2 - 9*q + 23. Calculate the remainder when 54 is divided by d(0).
8
Let o(z) = -z**2 + 6*z - 6. Let t be o(4). Suppose 499 = 2*g - t*x - 95, -5*g - 3*x = -1493. Calculate the remainder when g is divided by 43.
40
Suppose -4*t + 2*y + 160 = 0, 5*y = 4*t - 56 - 104. Let n = 74 - 60. What is the remainder when t is divided by n?
12
Let k(s) = s**2 + 3*s + 2. Suppose 5*o + h = -25, -o - 37 = o - 5*h. What is the remainder when k(o) is divided by 6?
2
Suppose -5 = -5*c + 4*c + 3*u, 4*u + 44 = -4*c. Calculate the remainder when 13 is divided by (-168)/(-18)*(-6)/c.
5
Suppose 4*j = 8*j - 4*x - 32, j = -4*x + 8. Let m(w) = 2*w**3 + 28*w**2 + 27*w + 19. Calculate the remainder when m(-13) is divided by 24/11 - j/44.
0
Calculate the remainder when 155 is divided by (3/9)/(-1 - (-964)/960).
75
Suppose -69*k = n - 68*k - 285, -5*n + k + 1443 = 0. What is the remainder when n is divided by 20?
8
Suppose 10*k = 14*k + f - 44, 0 = 5*k - 2*f - 55. Suppose -4*c - 41 = -5*c. What is the remainder when c is divided by k?
8
Let q = 313 - 171. What is the remainder when q is divided by 129?
13
Let d(u) = u**3 + 5*u**2 - 25*u + 9. Calculate the remainder when 84 is divided by d(-8).
16
Suppose -127 = -11*u + 93. What is the remainder when 117 is divided by u?
17
Let p(m) = m**3 + 6*m**2 - 2*m - 4. Let j be p(-6). Let w(n) = 6*n + 0*n + 7*n - j*n + 2*n**2 - 2. Calculate the remainder when 91 is divided by w(-5).
22
Suppose 37*w - 57*w = -380. Let v be 2/(-7) - 772/(-7). Suppose 3*y - y = v. Calculate the remainder when y is divided by w.
17
Let v(t) = -429*t - 5568. Let u(m) = 2*m**2 - 3*m**2 + 3*m**2 + 3*m - 3. What is the remainder when u(3) is divided by v(-13)?
6
Let j = 85 - 70. Calculate the remainder when (-4 + 50/j)*34*-3 is divided by 1 + 11/(-2)*-4.
22
Let k = 1555 - 1552. Calculate the remainder when 14 is divided by k.
2
Suppose 3*c - 5 = -h, c - 10 = -177*h + 175*h. Let x = 27 - 14. Calculate the remainder when x is divided by h